e remainder when 171 is divided by 25?
21
Calculate the remainder when 5778 is divided by 241.
235
Calculate the remainder when 266 is divided by 136.
130
What is the remainder when 562 is divided by 12?
10
What is the remainder when 370 is divided by 80?
50
Calculate the remainder when 169 is divided by 16.
9
Calculate the remainder when 595 is divided by 52.
23
Calculate the remainder when 718 is divided by 60.
58
Calculate the remainder when 731 is divided by 2.
1
What is the remainder when 659 is divided by 61?
49
What is the remainder when 4273 is divided by 57?
55
What is the remainder when 173 is divided by 30?
23
Calculate the remainder when 1165 is divided by 35.
10
What is the remainder when 574 is divided by 116?
110
Calculate the remainder when 118 is divided by 7.
6
Calculate the remainder when 311 is divided by 17.
5
Calculate the remainder when 171 is divided by 36.
27
What is the remainder when 392 is divided by 29?
15
Calculate the remainder when 10 is divided by 9.
1
Calculate the remainder when 1172 is divided by 131.
124
What is the remainder when 758 is divided by 74?
18
Calculate the remainder when 2818 is divided by 1402.
14
What is the remainder when 4254 is divided by 19?
17
What is the remainder when 158 is divided by 115?
43
Calculate the remainder when 33634 is divided by 121.
117
What is the remainder when 37 is divided by 17?
3
Calculate the remainder when 201 is divided by 96.
9
What is the remainder when 321 is divided by 31?
11
What is the remainder when 443 is divided by 33?
14
Calculate the remainder when 658 is divided by 85.
63
Calculate the remainder when 57 is divided by 21.
15
Calculate the remainder when 59 is divided by 15.
14
Calculate the remainder when 1615 is divided by 396.
31
Calculate the remainder when 455 is divided by 56.
7
What is the remainder when 1194 is divided by 241?
230
Calculate the remainder when 136 is divided by 51.
34
What is the remainder when 754 is divided by 31?
10
Calculate the remainder when 388 is divided by 189.
10
Calculate the remainder when 2798 is divided by 216.
206
What is the remainder when 1312 is divided by 324?
16
Calculate the remainder when 227 is divided by 54.
11
Calculate the remainder when 135 is divided by 71.
64
What is the remainder when 583 is divided by 176?
55
What is the remainder when 40 is divided by 10?
0
What is the remainder when 79 is divided by 40?
39
What is the remainder when 252 is divided by 54?
36
What is the remainder when 453 is divided by 87?
18
Calculate the remainder when 453 is divided by 46.
39
Calculate the remainder when 1085 is divided by 34.
31
Calculate the remainder when 531 is divided by 291.
240
Calculate the remainder when 2262 is divided by 8.
6
Calculate the remainder when 117 is divided by 34.
15
What is the remainder when 131 is divided by 14?
5
What is the remainder when 88 is divided by 9?
7
Calculate the remainder when 367 is divided by 23.
22
What is the remainder when 1829 is divided by 30?
29
Calculate the remainder when 452 is divided by 31.
18
Calculate the remainder when 329 is divided by 18.
5
What is the remainder when 864 is divided by 15?
9
What is the remainder when 1056 is divided by 76?
68
What is the remainder when 108348 is divided by 22?
20
What is the remainder when 10840 is divided by 33?
16
Calculate the remainder when 828 is divided by 26.
22
What is the remainder when 788 is divided by 132?
128
Calculate the remainder when 8423 is divided by 159.
155
Calculate the remainder when 691 is divided by 173.
172
What is the remainder when 1754 is divided by 27?
26
What is the remainder when 374 is divided by 181?
12
Calculate the remainder when 2987 is divided by 150.
137
What is the remainder when 791 is divided by 2?
1
What is the remainder when 247 is divided by 45?
22
Calculate the remainder when 902 is divided by 8.
6
Calculate the remainder when 22775 is divided by 292.
291
What is the remainder when 124 is divided by 46?
32
Calculate the remainder when 630 is divided by 209.
3
What is the remainder when 3099 is divided by 194?
189
Calculate the remainder when 51 is divided by 46.
5
Calculate the remainder when 179 is divided by 8.
3
What is the remainder when 207 is divided by 201?
6
What is the remainder when 85 is divided by 65?
20
Calculate the remainder when 274 is divided by 43.
16
What is the remainder when 102 is divided by 21?
18
What is the remainder when 2107 is divided by 76?
55
What is the remainder when 649 is divided by 15?
4
Calculate the remainder when 327 is divided by 55.
52
Calculate the remainder when 218 is divided by 12.
2
What is the remainder when 1141 is divided by 131?
93
Calculate the remainder when 596 is divided by 5.
1
What is the remainder when 1245 is divided by 349?
198
Calculate the remainder when 729 is divided by 43.
41
Calculate the remainder when 346 is divided by 117.
112
Calculate the remainder when 76 is divided by 54.
22
What is the remainder when 4345 is divided by 16?
9
Calculate the remainder when 1544 is divided by 156.
140
Calculate the remainder when 118 is divided by 17.
16
What is the remainder when 76 is divided by 8?
4
Calculate the remainder when 453 is divided by 122.
87
What is the remainder when 155 is divided by 35?
15
What is the remainder when 140 is divided by 37?
29
What is the remainder when 355 is divided by 119?
117
Calculate the remainder when 1922 is divided by 75.
47
What is the remainder when 455 is divided by 57?
56
What is the remainder when 813 is divided by 807?
6
What is the remainder when 237 is divided by 33?
6
What is the remainder when 69 is divided by 25?
19
What is the remainder when 19 is divided by 16?
3
What is the remainder when 88 is divided by 4?
0
Calculate the remainder when 3499 is divided by 36.
7
What is the remainder when 68 is divided by 59?
9
Calculate the remainder when 779 is divided by 117.
77
Calculate the remainder when 583 is divided by 13.
11
Calculate the remainder when 516 is divided by 2.
0
Calculate the remainder when 557 is divided by 20.
17
Calculate the remainder when 29 is divided by 8.
5
Calculate the remainder when 213 is divided by 54.
51
What is the remainder when 31 is divided by 12?
7
What is the remainder when 927 is divided by 8?
7
What is the remainder when 357 is divided by 140?
77
Calculate the remainder when 1519 is divided by 136.
23
What is the remainder when 334 is divided by 16?
14
What is the remainder when 320 is divided by 55?
45
What is the remainder when 1127 is divided by 168?
119
Calculate the remainder when 78 is divided by 8.
6
Calculate the remainder when 139 is divided by 37.
28
Calculate the remainder when 74 is divided by 58.
16
Calculate the remainder when 1730 is divided by 78.
14
What is the remainder when 177 is divided by 38?
25
Calculate the remainder when 952 is divided by 27.
7
What is the remainder when 121 is divided by 2?
1
Calculate the remainder when 2429 is divided by 76.
73
What is the remainder when 250 is divided by 129?
121
What is the remainder when 404 is divided by 29?
27
What is the remainder when 143 is divided by 14?
3
Calculate the remainder when 4929 is divided by 65.
54
What is the remainder when 260 is divided by 42?
8
Calculate the remainder when 698 is divided by 349.
0
What is the remainder when 450 is divided by 89?
5
What is the remainder when 8 is divided by 5?
3
What is the remainder when 118 is divided by 6?
4
What is the remainder when 1247 is divided by 42?
29
What is the remainder when 239 is divided by 7?
1
Calculate the remainder when 645 is divided by 223.
199
What is the remainder when 277 is divided by 35?
32
What is the remainder when 136 is divided by 49?
38
What is the remainder when 643 is divided by 28?
27
What is the remainder when 2483 is divided by 66?
41
Calculate the remainder when 1707 is divided by 114.
111
What is the remainder when 126 is divided by 64?
62
What is the remainder when 66 is divided by 34?
32
What is the remainder when 1551 is divided by 46?
33
Calculate the remainder when 9269 is divided by 103.
102
Calculate the remainder when 216 is divided by 37.
31
What is the remainder when 324 is divided by 288?
36
What is the remainder when 1176 is divided by 9?
6
What is the remainder when 85